= -2*o + 3*n, 5*n + 54 = 4*o - 19. Calculate the greatest common divisor of o and 54.
6
Let y(c) = -4*c**2 - 9*c + 15. Let o be y(6). Let n = 137 - o. Calculate the greatest common factor of n and 32.
32
Suppose -4*g + 164 = 11*w - 7*w, 5*g - 5*w = 235. Suppose u = c + 3*u - 64, -262 = -4*c - 2*u. Calculate the greatest common factor of c and g.
22
Suppose -2*j + 34 = -2*u, 2*j - 3*u = -11 + 46. Let o be 84/5 + j/(-20). Suppose -3*p + 64 = p. Calculate the highest common factor of o and p.
16
Let g = 75 - 45. Let v be (-3160)/(-35) - (-2)/(-7). Suppose q - 2*q = -v. What is the highest common factor of q and g?
30
Suppose -5*a - j = -804, -j + 4*j + 148 = a. What is the greatest common divisor of 10 and a?
10
Let v be (-12 + 520/39)/(2/12). Calculate the greatest common divisor of 36 and v.
4
Suppose -85 = -2*v - h, 4*v = -h + 4*h + 145. Let k = 4 - -2. Let c be 282/18 - (-2)/k. What is the highest common factor of v and c?
8
Let f = 18 - 25. Let r(h) = h**2 + 7*h + 6. Let o be r(f). Calculate the highest common factor of o and 24.
6
Let m(t) = -t + 6. Let x be m(6). Let f(w) = -w**2 - 3*w + x*w - 8 - 9*w - 2. Let p be f(-8). Calculate the greatest common divisor of p and 2.
2
Suppose 4*h = -4*i + 39 + 5, 4*i - 26 = 2*h. Let s = 10 - i. Let f be 4/(-14) + 144/14. Calculate the highest common factor of f and s.
2
Suppose -21*o + 14*o + 4144 = 0. Calculate the highest common divisor of o and 16.
16
Let y = -38 - -53. Let h = 51 - y. Calculate the greatest common divisor of 90 and h.
18
Let h(z) = z**3 - 6*z**2 + 7*z + 2. Let c be h(5). Let a be (-1 - 428/6)/((-4)/c). Calculate the greatest common factor of 31 and a.
31
Let v = 18 + -18. Suppose v = -4*l - 3*u - 2 - 0, 2*u = 4*l + 12. Let o be (l/4)/(7/(-406)). Calculate the greatest common divisor of o and 87.
29
Let q = 22 + -21. Let w be q/5 - 327/(-15). Calculate the greatest common factor of w and 55.
11
Let h be 586 - (-2 + (-8 - -1)). What is the highest common factor of 34 and h?
17
Let t be 4/5 + (-17)/((-1190)/4424). What is the highest common divisor of t and 12?
4
Suppose -3*j = -7*j - 868. Let m be (-3)/15 + j/(-35). Suppose 4*r - 64 = 32. What is the greatest common divisor of m and r?
6
Let x(b) = 9*b**2 - 34*b - 7. Let r be x(5). What is the greatest common factor of 80 and r?
16
Suppose 3*i - 7 = -1. Suppose 4*m + 7 = y - 6, -5*y = 5*m - 165. Suppose -y = 3*q - 77. What is the highest common divisor of q and i?
2
Let x = 10 + -13. Let y be (2 + x - -47) + (-4 - -1). Calculate the greatest common divisor of 215 and y.
43
Let h(y) = 26*y**3 - 3*y**2 + 4. Suppose 8*v - 8 = 4*v. Let j be h(v). What is the highest common factor of j and 25?
25
Let c(l) = -l**3 + 6*l**2 - l + 5. Let x be c(5). Suppose -950 = -39*w - 755. Calculate the greatest common factor of w and x.
5
Let g be -1*(-2)/((-6)/(-33)). What is the highest common divisor of 55 and g?
11
Suppose -p + 21 = -3*i, -11*i + 6*i = 3*p - 21. Suppose -2*j + 1 = -7. Suppose -30 = j*x - 558. What is the greatest common factor of x and p?
12
Let w be 3/6*(-18)/3 + 13. Suppose -x + 3 = -4*x. Let j be x*(-2 - (2 + 1)). What is the greatest common divisor of w and j?
5
Suppose 0 = -3*d + d - 8, -4*d = 4*k - 680. Suppose -k = 5*n - 769. What is the highest common factor of n and 17?
17
Let b(t) = t + 7. Let q be b(5). Let l be (-6)/24 - 6/8. Let w(y) = -5*y**3 + 3*y + 2. Let d be w(l). Calculate the highest common divisor of q and d.
4
Let r = 227 - -28. Suppose 0*v - 10 = -2*v. Suppose 0 = v*x - 0*x - r. Calculate the highest common factor of x and 34.
17
Suppose -17 = -3*c + 31. Let x be c/104 + (-464)/(-26). What is the greatest common factor of x and 45?
9
Let t = 66 - 74. Let a be 52 - (8 + (t - -4)). Calculate the highest common factor of 32 and a.
16
Let l be (-116298)/(-28) - (3 - (-7)/(-2)). Calculate the highest common divisor of 134 and l.
134
Suppose 50*p - 51*p + 114 = 5*y, 5*y + 4*p = 111. Let d be 2/(2*(-1)/(-184)). Calculate the highest common divisor of y and d.
23
Let r(u) = -u**3 - 3*u**2 - 26*u - 152. Let q be r(-6). Calculate the highest common divisor of 128 and q.
16
Let k(y) = 7*y - 5. Let i(o) = -1 - 10*o + o + 10 - 4*o. Let a(x) = -3*i(x) - 5*k(x). Let f be a(2). Calculate the highest common factor of 9 and f.
3
Suppose -15 + 39 = -3*w. Let s = -18 - w. Let k be (-8)/20 + (-54)/s. What is the highest common factor of 10 and k?
5
Suppose -7*d = -d - 24. Suppose -n = -4*v + 87, -54 = -d*v + v - 3*n. Let c = -102 - -333. Calculate the highest common factor of c and v.
21
Suppose 2*v = -1 + 27. Suppose 28 = -4*b - 4*s, -b - 3*s = s + v. Let n be (-22)/(-8) - b/20. What is the greatest common factor of 9 and n?
3
Suppose -449 = -5*f - 2*x, -4*f - 11 = 2*x - 371. Let d = f + -81. Calculate the greatest common divisor of 48 and d.
8
Let p be -2 + 4 - 8*5/10. Suppose -1 = -s - 2. Let t be 90/4 - s/p. What is the highest common divisor of 22 and t?
22
Suppose 174 = 8*s - 2*s. Calculate the highest common factor of s and 725.
29
Suppose 6*b = -5*b + 4224. Calculate the greatest common divisor of 32 and b.
32
Let i(x) = -2*x**3 + 13*x**2 + 12*x. Suppose -5*v = r - 2*v - 16, -3*v - 12 = -3*r. Let j be i(r). What is the greatest common divisor of j and 385?
35
Suppose 4*h + 0*h - 52 = 0. Let d(l) = l**2 - 12*l - 2. Let w be d(h). Let k be (3 - w)*(-9)/4. Calculate the highest common divisor of 9 and k.
9
Suppose 300*j - 284*j = 6032. Calculate the highest common divisor of j and 13.
13
Suppose 1118 = -19*u + 6*u. Let z = 104 + u. Let k be (-2)/(-5) - 1616/(-10). What is the highest common divisor of k and z?
18
Suppose h = -4 + 9. Suppose 525 = -0*o + h*o. Calculate the greatest common divisor of 21 and o.
21
Suppose -4*s + 33 = -5*d, -2*s = -7*s + 5*d + 45. Suppose 3*r + r - 134 = 5*a, -6 = -3*a. What is the greatest common divisor of s and r?
12
Let z(v) = -3*v - 24. Let s(y) = -y - 1. Let n(c) = 5*s(c) - z(c). Let b be n(8). What is the highest common factor of 33 and b?
3
Suppose -5*t + 14 + 21 = 0. Suppose 12*i - t*i = 40. What is the highest common factor of i and 24?
8
Suppose -6 = -0*o - o. Let c = -773 + 803. What is the highest common divisor of c and o?
6
Suppose 12 = 41*m - 29. What is the highest common divisor of m and 121?
1
Let b(z) = 3*z + 4. Let g be b(6). Suppose r - 63 = 4*r + 2*j, r - j = -16. Let m = r - -21. Calculate the greatest common factor of g and m.
2
Let q(h) = -h**3 + 16*h**2 - 5*h + 45. Let f be q(15). Calculate the greatest common factor of f and 15.
15
Suppose 2*u = -2*q + 16, 32 = u + 3*u - q. Let m(x) = 11*x - 131. Let j be m(13). Calculate the highest common factor of j and u.
4
Let v(c) = -c**3 - c**2 + 3*c + 1. Let x be v(-3). Suppose -2*j = -3*j. Suppose j = -p + 4*p - 12. What is the highest common divisor of p and x?
2
Let d be 1*(-1*16 + -2) + 0. Let s(u) = -u**3 - 16*u**2 + 36*u + 8. Let h be s(d). Calculate the highest common factor of 2 and h.
2
Let a = 65 + -45. Let c be (24/5)/(222/2775). What is the highest common factor of a and c?
20
Let x(c) be the third derivative of 1/12*c**4 + 0 + 7*c**2 + 0*c + 5/2*c**3. Let n be x(-7). Calculate the greatest common factor of n and 1.
1
Let o(j) = -j**3 + 12*j**2 + 13*j + 32. Suppose 0 = -8*n - 19 + 123. Let y be o(n). Calculate the highest common factor of 8 and y.
8
Suppose 0 = 15*j - 5 - 130. Calculate the greatest common divisor of j and 603.
9
Suppose 8*r + 11*r - 1311 = 0. Suppose 5*y - r = 111. Calculate the greatest common divisor of 54 and y.
18
Let a = -1105 - -1135. Suppose 5*u - 2*f = -37, -5*f + 1 = -u - 11. Let i = 38 - u. What is the highest common factor of a and i?
15
Suppose 5*m + 20 = 0, -31*n + 28*n - 5*m + 187 = 0. What is the highest common divisor of n and 18?
3
Let y = -95 - -141. What is the highest common divisor of y and 92?
46
Suppose 0 = 15*g - 0*g - 3630. Calculate the greatest common factor of 88 and g.
22
Let g = 1096 - 722. Calculate the highest common divisor of g and 22.
22
Let w(l) = -l**3 + 16*l**2 + 20*l - 15. Let r be w(17). Let s be 37/2 - 4/8. Calculate the greatest common divisor of r and s.
18
Suppose 0 = -5*i - 40 + 285. Suppose 48 = 46*g - i*g. Let f = g - -28. Calculate the highest common divisor of 12 and f.
12
Let g = 1 + -2. Let r be g/((-2)/96) + 0. Let p = -168 - -180. Calculate 